st the prime factors of 1012175156.
2, 571, 443159
List the prime factors of 1088670589.
113, 151, 63803
What are the prime factors of 271591236?
2, 3, 7, 1077743
List the prime factors of 23232252.
2, 3, 1936021
List the prime factors of 3256283500.
2, 5, 139, 46853
List the prime factors of 53922419.
17, 23, 137909
List the prime factors of 323688506.
2, 37, 1429, 3061
What are the prime factors of 391482954?
2, 3, 19, 23, 157, 317
What are the prime factors of 2875847676?
2, 3, 13, 19, 970259
List the prime factors of 488929793.
11, 19, 1249, 1873
What are the prime factors of 146236253?
109, 1341617
List the prime factors of 4791815097.
3, 1597271699
List the prime factors of 15948223.
23, 693401
List the prime factors of 87454411.
11, 1229, 6469
List the prime factors of 894496732.
2, 251, 890933
What are the prime factors of 21984979?
41, 536219
List the prime factors of 860422161.
3, 37, 7751551
What are the prime factors of 1426462381?
1426462381
List the prime factors of 176146433.
31, 5682143
What are the prime factors of 3942392631?
3, 19, 97, 713039
What are the prime factors of 1559033980?
2, 5, 7, 19, 101, 829
List the prime factors of 350591280.
2, 3, 5, 13, 37, 3037
List the prime factors of 1116440038.
2, 7, 19, 4197143
What are the prime factors of 566394168?
2, 3, 17, 137, 10133
List the prime factors of 141148316.
2, 103, 342593
What are the prime factors of 859632939?
3, 11, 2894387
What are the prime factors of 4956425904?
2, 3, 103258873
What are the prime factors of 92314663?
7, 23, 573383
List the prime factors of 1171860587.
19, 3499, 17627
List the prime factors of 2398839427.
31, 1259, 61463
List the prime factors of 537975710.
2, 5, 17, 137, 23099
What are the prime factors of 2347448753?
13, 59, 3060559
List the prime factors of 1204281685.
5, 197, 251, 4871
List the prime factors of 1602917494.
2, 801458747
What are the prime factors of 1154742111?
3, 53, 271, 8933
What are the prime factors of 1511770851?
3, 55991513
List the prime factors of 40103626.
2, 20051813
List the prime factors of 504018656.
2, 15750583
List the prime factors of 18972182.
2, 313, 30307
What are the prime factors of 522153284?
2, 130538321
What are the prime factors of 67918217?
19, 3574643
List the prime factors of 97667822.
2, 7, 17, 41, 10009
What are the prime factors of 406390874?
2, 523, 388519
What are the prime factors of 1977042917?
11831, 167107
List the prime factors of 4571329618.
2, 673, 3396233
List the prime factors of 664998497.
664998497
List the prime factors of 1128172369.
61, 107, 127, 1361
List the prime factors of 21917476.
2, 7, 179, 4373
List the prime factors of 2882832.
2, 3, 19, 29, 109
List the prime factors of 37380726.
2, 3, 397, 5231
What are the prime factors of 467228?
2, 17, 6871
List the prime factors of 136018630.
2, 5, 11, 1236533
What are the prime factors of 10738143?
3, 13, 30593
List the prime factors of 501831120.
2, 3, 5, 7, 298709
List the prime factors of 136118704.
2, 8507419
List the prime factors of 263614606.
2, 463, 284681
What are the prime factors of 16084741?
211, 76231
List the prime factors of 135470166.
2, 3, 13, 1736797
List the prime factors of 3951687004.
2, 8861, 111491
What are the prime factors of 2537654066?
2, 1223, 1037471
What are the prime factors of 131614920?
2, 3, 5, 37, 41, 241
What are the prime factors of 133496190?
2, 3, 5, 557, 2663
List the prime factors of 327804118.
2, 59, 61, 45541
List the prime factors of 119636029.
119636029
What are the prime factors of 133938124?
2, 29, 1154639
List the prime factors of 37571330.
2, 5, 47, 79939
List the prime factors of 84464257.
23, 3672359
What are the prime factors of 113459690?
2, 5, 23, 31, 15913
List the prime factors of 310557687.
3, 11, 37, 53, 4799
List the prime factors of 691363660.
2, 5, 13, 2659091
List the prime factors of 2307294309.
3, 229, 3358507
What are the prime factors of 264565806?
2, 3, 607, 72643
What are the prime factors of 153615507?
3, 61, 839429
What are the prime factors of 281891525?
5, 31, 363731
What are the prime factors of 54236431?
19, 2854549
What are the prime factors of 541986104?
2, 11, 29, 43, 449
List the prime factors of 28939523.
31, 467, 1999
List the prime factors of 74683628.
2, 18670907
What are the prime factors of 201146290?
2, 5, 31, 648859
List the prime factors of 69766722.
2, 3, 3875929
List the prime factors of 4078662.
2, 3, 7, 13873
What are the prime factors of 48197104?
2, 83, 36293
What are the prime factors of 570164458?
2, 5119, 55691
What are the prime factors of 2428392667?
12799, 189733
List the prime factors of 207774134.
2, 23, 4516829
What are the prime factors of 1637457549?
3, 7, 13, 41, 20899
List the prime factors of 174104299.
103, 16411
What are the prime factors of 292788369?
3, 32532041
List the prime factors of 76581301.
76581301
What are the prime factors of 21936158?
2, 23, 31, 15383
List the prime factors of 1458856421.
11, 132623311
List the prime factors of 344501306.
2, 241, 269, 2657
List the prime factors of 58208611.
2417, 24083
List the prime factors of 136680382.
2, 61, 73, 103, 149
What are the prime factors of 47925544?
2, 5990693
What are the prime factors of 182281123?
17, 10722419
What are the prime factors of 4759635120?
2, 3, 5, 19831813
List the prime factors of 59914458.
2, 3, 73, 15199
List the prime factors of 113092384.
2, 281, 12577
List the prime factors of 188447102.
2, 94223551
What are the prime factors of 24759535?
5, 4951907
What are the prime factors of 140739316?
2, 35184829
List the prime factors of 933264568.
2, 3217, 36263
What are the prime factors of 24737873?
17, 311, 4679
What are the prime factors of 1367966833?
151, 9059383
What are the prime factors of 47086071?
3, 59, 266023
What are the prime factors of 44909419?
229, 196111
List the prime factors of 1158441172.
2, 7, 19, 2177521
What are the prime factors of 78927299?
11, 29, 247421
List the prime factors of 161734934.
2, 80867467
List the prime factors of 2251178598.
2, 3, 375196433
List the prime factors of 1658882215.
5, 29, 11440567
List the prime factors of 110705551.
11, 10064141
List the prime factors of 72240083.
461, 156703
What are the prime factors of 135367780?
2, 5, 19, 18749
What are the prime factors of 25044038?
2, 61, 103, 1993
List the prime factors of 216466879.
216466879
What are the prime factors of 132550219?
23, 761, 7573
What are the prime factors of 6493029?
3, 1163, 1861
List the prime factors of 4855746.
2, 3, 7, 115613
List the prime factors of 101937588.
2, 3, 61, 157, 887
List the prime factors of 133408594.
2, 11, 6064027
What are the prime factors of 150285394?
2, 7, 10734671
List the prime factors of 419940285.
3, 5, 2341, 11959
What are the prime factors of 201647431?
8513, 23687
What are the prime factors of 2575497179?
2797, 920807
List the prime factors of 1021974993.
3, 13, 29, 359, 839
What are the prime factors of 40321285?
5, 8064257
What are the prime factors of 117902370?
2, 3, 5, 23, 170873
List the prime factors of 266118193.
11, 24192563
What are the prime factors of 76073715?
3, 5, 59, 9551
List the prime factors of 60674412.
2, 3, 5056201
List the prime factors of 1441453277.
11, 41, 290557
List the prime factors of 54526527.
3, 11, 20399
List the prime factors of 1419975253.
349, 4068697
What are the prime factors of 363718244?
2, 59, 191, 8069
List the prime factors of 27314766.
2, 3, 593, 853
What are the prime factors of 1466164971?
3, 162907219
List the prime factors of 251525871.
3, 1721, 5413
What are the prime factors of 21082110?
2, 3, 5, 7, 100391
What are the prime factors of 49628252?
2, 317, 39139
What are the prime factors of 4006932425?
5, 43, 661, 5639
List the prime factors of 15942437.
7, 79, 127, 227
What are the prime factors of 551383866?
2, 3, 11, 571, 4877
What are the prime factors of 599352822?
2, 3, 31, 1074109
List the prime factors of 524324371.
3701, 141671
List the prime factors of 177780677.
157, 163, 6947
What are the prime factors of 53069861?
13, 31, 131687
What are the prime factors of 47298782?
2, 23649391
What are the prime factors of 1755836524?
2, 13, 881, 38327
What are the prime factors of 120860238?
2, 3, 167, 120619
List the prime factors of 751665213.
3, 